{"id":320,"date":"2025-03-29T17:01:00","date_gmt":"2025-03-29T17:01:00","guid":{"rendered":"https:\/\/philosophy-and-ai.cs.rptu.de\/?page_id=320"},"modified":"2025-07-03T09:17:29","modified_gmt":"2025-07-03T09:17:29","slug":"mustergebrauch-bei-goodman-und-wittgenstein-eine-studie-zum-verhaltnis-von-beispiel-und-regel-eine-studie-zum-verhaeltnis-von-beispiel-und-regel","status":"publish","type":"page","link":"https:\/\/philosophie-und-ki.cs.rptu.de\/index.php\/mustergebrauch-bei-goodman-und-wittgenstein-eine-studie-zum-verhaltnis-von-beispiel-und-regel-eine-studie-zum-verhaeltnis-von-beispiel-und-regel\/","title":{"rendered":"&#8222;Mustergebrauch bei Goodman und Wittgenstein: Eine Studie zum Verh\u00e4ltnis von Beispiel und Regel&#8220;"},"content":{"rendered":"\n<div class=\"wp-block-media-text is-stacked-on-mobile\"><figure class=\"wp-block-media-text__media\"><img loading=\"lazy\" decoding=\"async\" width=\"423\" height=\"599\" src=\"https:\/\/philosophy-and-ai.cs.rptu.de\/wp-content\/uploads\/2025\/03\/Birk.jpg\" alt=\"\" class=\"wp-image-321 size-full\" srcset=\"https:\/\/philosophie-und-ki.cs.rptu.de\/wp-content\/uploads\/2025\/03\/Birk.jpg 423w, https:\/\/philosophie-und-ki.cs.rptu.de\/wp-content\/uploads\/2025\/03\/Birk-212x300.jpg 212w\" sizes=\"auto, (max-width: 423px) 100vw, 423px\" \/><\/figure><div class=\"wp-block-media-text__content\">\n<p><strong>Elisabeth Birk &#8211; 2009:<\/strong><br>Mustergebrauch ist der Schl\u00fcssel f\u00fcr das Regelproblem der Sprachphilosophie. Dieser Gedanke l\u00e4sst sich im R\u00fcckgriff auf Goodman und den sp\u00e4ten Wittgenstein entfalten, die das Verh\u00e4ltnis von Beispiel und Regel &#8211; bei allen Unterschieden &#8211; in vergleichbarer Weise aus pragmatischer Perspektive neu bestimmt haben: Aufgefasst als ein bestimmter Typ von Mustergebrauch, l\u00e4sst Sprachgebrauch sich nicht nur <\/p>\n<\/div><\/div>\n\n\n\n<p>als Handlung verstehen, sondern dar\u00fcber hinaus problemlos nominalistisch interpretieren.<br><br>ISBN: 978-3-8233-7500-5<\/p>\n","protected":false},"excerpt":{"rendered":"<p>Elisabeth Birk &#8211; 2009:Mustergebrauch ist der Schl\u00fcssel f\u00fcr das Regelproblem der Sprachphilosophie. Dieser Gedanke l\u00e4sst sich im R\u00fcckgriff auf Goodman und den sp\u00e4ten Wittgenstein entfalten, die das Verh\u00e4ltnis von Beispiel und Regel &#8211; bei allen Unterschieden &#8211; in vergleichbarer Weise aus pragmatischer Perspektive neu bestimmt haben: Aufgefasst als ein bestimmter Typ von Mustergebrauch, l\u00e4sst Sprachgebrauch [&hellip;]<\/p>\n","protected":false},"author":1,"featured_media":0,"parent":0,"menu_order":0,"comment_status":"closed","ping_status":"closed","template":"","meta":{"footnotes":""},"class_list":["post-320","page","type-page","status-publish","hentry"],"_links":{"self":[{"href":"https:\/\/philosophie-und-ki.cs.rptu.de\/index.php\/wp-json\/wp\/v2\/pages\/320","targetHints":{"allow":["GET"]}}],"collection":[{"href":"https:\/\/philosophie-und-ki.cs.rptu.de\/index.php\/wp-json\/wp\/v2\/pages"}],"about":[{"href":"https:\/\/philosophie-und-ki.cs.rptu.de\/index.php\/wp-json\/wp\/v2\/types\/page"}],"author":[{"embeddable":true,"href":"https:\/\/philosophie-und-ki.cs.rptu.de\/index.php\/wp-json\/wp\/v2\/users\/1"}],"replies":[{"embeddable":true,"href":"https:\/\/philosophie-und-ki.cs.rptu.de\/index.php\/wp-json\/wp\/v2\/comments?post=320"}],"version-history":[{"count":2,"href":"https:\/\/philosophie-und-ki.cs.rptu.de\/index.php\/wp-json\/wp\/v2\/pages\/320\/revisions"}],"predecessor-version":[{"id":609,"href":"https:\/\/philosophie-und-ki.cs.rptu.de\/index.php\/wp-json\/wp\/v2\/pages\/320\/revisions\/609"}],"wp:attachment":[{"href":"https:\/\/philosophie-und-ki.cs.rptu.de\/index.php\/wp-json\/wp\/v2\/media?parent=320"}],"curies":[{"name":"wp","href":"https:\/\/api.w.org\/{rel}","templated":true}]}}