{"id":331,"date":"2025-03-29T17:21:21","date_gmt":"2025-03-29T17:21:21","guid":{"rendered":"https:\/\/philosophy-and-ai.cs.rptu.de\/?page_id=331"},"modified":"2025-03-29T17:23:44","modified_gmt":"2025-03-29T17:23:44","slug":"revisionen-philosophie-und-andere-kunste-und-wissenschaften","status":"publish","type":"page","link":"https:\/\/philosophie-und-ki.cs.rptu.de\/index.php\/revisionen-philosophie-und-andere-kunste-und-wissenschaften\/","title":{"rendered":"&#8222;Revisionen. Philosophie und andere K\u00fcnste und Wissenschaften&#8220;"},"content":{"rendered":"\n<div class=\"wp-block-media-text is-stacked-on-mobile\"><figure class=\"wp-block-media-text__media\"><img loading=\"lazy\" decoding=\"async\" width=\"625\" height=\"1024\" src=\"https:\/\/philosophy-and-ai.cs.rptu.de\/wp-content\/uploads\/2025\/03\/Goodman_Elgin-625x1024.jpg\" alt=\"\" class=\"wp-image-332 size-full\" srcset=\"https:\/\/philosophie-und-ki.cs.rptu.de\/wp-content\/uploads\/2025\/03\/Goodman_Elgin-625x1024.jpg 625w, https:\/\/philosophie-und-ki.cs.rptu.de\/wp-content\/uploads\/2025\/03\/Goodman_Elgin-183x300.jpg 183w, https:\/\/philosophie-und-ki.cs.rptu.de\/wp-content\/uploads\/2025\/03\/Goodman_Elgin-768x1259.jpg 768w, https:\/\/philosophie-und-ki.cs.rptu.de\/wp-content\/uploads\/2025\/03\/Goodman_Elgin.jpg 915w\" sizes=\"auto, (max-width: 625px) 100vw, 625px\" \/><\/figure><div class=\"wp-block-media-text__content\">\n<p><strong>Nelson Goodman, Cathrine Z. Elgin &#8211; 1989:<\/strong><br>Die Hinwendung zur Sprache und die f\u00e4cher\u00fcbergreifende Verbreitung der Semiotik sind Entwicklungen in der Philosophie, die Goodman f\u00fcr sein Werk so charakterisiert, \u00bbda\u00df Kant die Struktur der Welt durch die Struktur des Geistes ersetzte, in deren Fortf\u00fchrung C.I. Lewis die Struktur der Begriffe an die Stelle der Struktur des Geistes treten lie\u00df, und die nun schlie\u00dflich da\u00adhin gekommen sind, die Struktur der Begriffe durch die Strukturen der verschiedenen Symbolsysteme der Wissenschaften, der<\/p>\n<\/div><\/div>\n\n\n\n<p>Philosophie, der K\u00fcnste, der Wahrnehmung und der allt\u00e4glichen Rede zu ersetzen\u00ab. In ihrem gemeinsamen Werk Revisionen pl\u00e4dieren Goodman und Elgin f\u00fcr eine umfassende Neuorientierung in der Philosophie und anderen K\u00fcnsten und Wissenschaften. Das Buch beginnt mit einem \u00dcberblick \u00fcber den augenblicklichen Stand im Proze\u00df der Neuorientierung. Revisionen stellt nicht nur einen Wechsel im begrifflichen Apparat vor, sondern eine umfassende Neuorientierung, die sich auf Interessen und Einstellungen auswirkt und methodologische Maximen einbezieht.<br><br>ISBN: 978-3-518-57979-4<\/p>\n","protected":false},"excerpt":{"rendered":"<p>Nelson Goodman, Cathrine Z. Elgin &#8211; 1989:Die Hinwendung zur Sprache und die f\u00e4cher\u00fcbergreifende Verbreitung der Semiotik sind Entwicklungen in der Philosophie, die Goodman f\u00fcr sein Werk so charakterisiert, \u00bbda\u00df Kant die Struktur der Welt durch die Struktur des Geistes ersetzte, in deren Fortf\u00fchrung C.I. Lewis die Struktur der Begriffe an die Stelle der Struktur des [&hellip;]<\/p>\n","protected":false},"author":1,"featured_media":0,"parent":0,"menu_order":0,"comment_status":"closed","ping_status":"closed","template":"","meta":{"footnotes":""},"class_list":["post-331","page","type-page","status-publish","hentry"],"_links":{"self":[{"href":"https:\/\/philosophie-und-ki.cs.rptu.de\/index.php\/wp-json\/wp\/v2\/pages\/331","targetHints":{"allow":["GET"]}}],"collection":[{"href":"https:\/\/philosophie-und-ki.cs.rptu.de\/index.php\/wp-json\/wp\/v2\/pages"}],"about":[{"href":"https:\/\/philosophie-und-ki.cs.rptu.de\/index.php\/wp-json\/wp\/v2\/types\/page"}],"author":[{"embeddable":true,"href":"https:\/\/philosophie-und-ki.cs.rptu.de\/index.php\/wp-json\/wp\/v2\/users\/1"}],"replies":[{"embeddable":true,"href":"https:\/\/philosophie-und-ki.cs.rptu.de\/index.php\/wp-json\/wp\/v2\/comments?post=331"}],"version-history":[{"count":4,"href":"https:\/\/philosophie-und-ki.cs.rptu.de\/index.php\/wp-json\/wp\/v2\/pages\/331\/revisions"}],"predecessor-version":[{"id":337,"href":"https:\/\/philosophie-und-ki.cs.rptu.de\/index.php\/wp-json\/wp\/v2\/pages\/331\/revisions\/337"}],"wp:attachment":[{"href":"https:\/\/philosophie-und-ki.cs.rptu.de\/index.php\/wp-json\/wp\/v2\/media?parent=331"}],"curies":[{"name":"wp","href":"https:\/\/api.w.org\/{rel}","templated":true}]}}