{"id":358,"date":"2025-03-30T11:57:04","date_gmt":"2025-03-30T11:57:04","guid":{"rendered":"https:\/\/philosophy-and-ai.cs.rptu.de\/?page_id=358"},"modified":"2025-03-30T11:57:04","modified_gmt":"2025-03-30T11:57:04","slug":"psychologism-behaviorism","status":"publish","type":"page","link":"https:\/\/philosophie-und-ki.cs.rptu.de\/index.php\/psychologism-behaviorism\/","title":{"rendered":"&#8222;Psychologism and Behaviorism&#8220;"},"content":{"rendered":"\n<p><strong>Ned Block &#8211; 1981<\/strong><br>Lassen wir Psychologismus die Doktrin sein, dass die Frage, ob ein Verhalten intelligentes Verhalten ist, von der Art der internen Informationsverarbeitung abh\u00e4ngt, die es hervorbringt. Genauer gesagt verstehe ich unter Psychologismus die Annahme, dass zwei Systeme genau das gleiche tats\u00e4chliche und potenzielle Verhalten zeigen k\u00f6nnen \u2013 Verhalten, das typisch f\u00fcr bekannte intelligente Wesen ist. Diese beiden Systeme k\u00f6nnten sich in ihrem Verhalten, ihren Verhaltensdispositionen, ihren F\u00e4higkeiten und selbst in ihren kontrafaktischen Verhaltenseigenschaften (also in den Verhaltensweisen, Dispositionen und F\u00e4higkeiten, die sie unter anderen Reizbedingungen gezeigt h\u00e4tten) nicht unterscheiden. Trotz dieser v\u00f6lligen Verhaltensgleichheit k\u00f6nnte es jedoch einen Unterschied in der Informationsverarbeitung geben, die ihre Reize und Reaktionen vermittelt \u2013 einen Unterschied, der bewirken w\u00fcrde, dass das eine System \u00fcberhaupt nicht intelligent, das andere hingegen voll intelligent ist.<br>(Eigene \u00dcbersetzung des Abstracts von <a href=\"https:\/\/philpapers.org\/rec\/BLOPAB\">PhilPapers<\/a>)<br><br>DOI: <a href=\"https:\/\/doi.org\/10.2307\/2184371\">https:\/\/doi.org\/10.2307\/2184371<\/a><\/p>\n","protected":false},"excerpt":{"rendered":"<p>Ned Block &#8211; 1981Lassen wir Psychologismus die Doktrin sein, dass die Frage, ob ein Verhalten intelligentes Verhalten ist, von der Art der internen Informationsverarbeitung abh\u00e4ngt, die es hervorbringt. Genauer gesagt verstehe ich unter Psychologismus die Annahme, dass zwei Systeme genau das gleiche tats\u00e4chliche und potenzielle Verhalten zeigen k\u00f6nnen \u2013 Verhalten, das typisch f\u00fcr bekannte intelligente [&hellip;]<\/p>\n","protected":false},"author":1,"featured_media":0,"parent":0,"menu_order":0,"comment_status":"closed","ping_status":"closed","template":"","meta":{"footnotes":""},"class_list":["post-358","page","type-page","status-publish","hentry"],"_links":{"self":[{"href":"https:\/\/philosophie-und-ki.cs.rptu.de\/index.php\/wp-json\/wp\/v2\/pages\/358","targetHints":{"allow":["GET"]}}],"collection":[{"href":"https:\/\/philosophie-und-ki.cs.rptu.de\/index.php\/wp-json\/wp\/v2\/pages"}],"about":[{"href":"https:\/\/philosophie-und-ki.cs.rptu.de\/index.php\/wp-json\/wp\/v2\/types\/page"}],"author":[{"embeddable":true,"href":"https:\/\/philosophie-und-ki.cs.rptu.de\/index.php\/wp-json\/wp\/v2\/users\/1"}],"replies":[{"embeddable":true,"href":"https:\/\/philosophie-und-ki.cs.rptu.de\/index.php\/wp-json\/wp\/v2\/comments?post=358"}],"version-history":[{"count":2,"href":"https:\/\/philosophie-und-ki.cs.rptu.de\/index.php\/wp-json\/wp\/v2\/pages\/358\/revisions"}],"predecessor-version":[{"id":361,"href":"https:\/\/philosophie-und-ki.cs.rptu.de\/index.php\/wp-json\/wp\/v2\/pages\/358\/revisions\/361"}],"wp:attachment":[{"href":"https:\/\/philosophie-und-ki.cs.rptu.de\/index.php\/wp-json\/wp\/v2\/media?parent=358"}],"curies":[{"name":"wp","href":"https:\/\/api.w.org\/{rel}","templated":true}]}}