{"id":429,"date":"2025-03-31T10:54:01","date_gmt":"2025-03-31T10:54:01","guid":{"rendered":"https:\/\/philosophy-and-ai.cs.rptu.de\/?page_id=429"},"modified":"2025-03-31T10:57:15","modified_gmt":"2025-03-31T10:57:15","slug":"qualitatsunterschiede-kulturphanomenologie-als-kritische-theorie","status":"publish","type":"page","link":"https:\/\/philosophie-und-ki.cs.rptu.de\/index.php\/qualitatsunterschiede-kulturphanomenologie-als-kritische-theorie\/","title":{"rendered":"&#8222;Qualit\u00e4tsunterschiede Kulturph\u00e4nomenologie als kritische Theorie&#8220;"},"content":{"rendered":"\n<div class=\"wp-block-media-text is-stacked-on-mobile\"><figure class=\"wp-block-media-text__media\"><img loading=\"lazy\" decoding=\"async\" width=\"634\" height=\"1024\" src=\"https:\/\/philosophy-and-ai.cs.rptu.de\/wp-content\/uploads\/2025\/03\/Becker-634x1024.jpg\" alt=\"\" class=\"wp-image-430 size-full\" srcset=\"https:\/\/philosophie-und-ki.cs.rptu.de\/wp-content\/uploads\/2025\/03\/Becker-634x1024.jpg 634w, https:\/\/philosophie-und-ki.cs.rptu.de\/wp-content\/uploads\/2025\/03\/Becker-186x300.jpg 186w, https:\/\/philosophie-und-ki.cs.rptu.de\/wp-content\/uploads\/2025\/03\/Becker-768x1240.jpg 768w, https:\/\/philosophie-und-ki.cs.rptu.de\/wp-content\/uploads\/2025\/03\/Becker.jpg 929w\" sizes=\"auto, (max-width: 634px) 100vw, 634px\" \/><\/figure><div class=\"wp-block-media-text__content\">\n<p><strong>Ralf Becker &#8211; 2021<\/strong><br>Quantifizierung macht Unterschiede zum Zweck des Messens z\u00e4hlbar, Digitalisierung macht Differenzen f\u00fcr Musterkennungen berechenbar. Da beide Methoden so erfolgreich sind, ger\u00e4t zunehmend in den Hintergrund, was sich der Messung und Berechnung widersetzt: qualitative Unterschiede. Um diese geht es aber in der Philosophie. Ralf Becker stellt genau solche Qualit\u00e4tsunterschiede in den Mittelpunkt seiner Untersuchungen: Farbe und Wellenl\u00e4nge, Leben und unbelebte Materie, Teil und<\/p>\n<\/div><\/div>\n\n\n\n<p>Ganzes, nat\u00fcrliche und kulturelle Tatsachen, Ma\u00dfnehmen und Ma\u00dfhalten. Die in seiner Analyse zur Anwendung kommende Kulturph\u00e4nomenologie geht von der Wissenschaft als einer kulturellen Praxis aus, die in eine lebensweltliche Praxis des Unterscheidens eingebettet ist. Von diesem au\u00dferwissenschaftlichen praktischen Unterscheidungswissen bleibt auch die Naturwissenschaft methodisch abh\u00e4ngig. Zugleich bestimmt jedoch das Bild, das Menschen insbesondere von den Naturwissenschaften haben, das Bild, das sie sich von sich selbst und ihrer Stellung in der Welt machen. Die Rekonstruktion des methodischen Abh\u00e4ngigkeitsverh\u00e4ltnisses zwischen Wissenschaft und Lebenswelt, die Beckers Buch leistet, hat daher auch die kritische Funktion, das positivistische und szientistische Selbstmissverst\u00e4ndnis \u00fcber sich selbst aufzukl\u00e4ren.<br><br><strong>Gelesen wurde<\/strong>: Einleitung, Kapitel 9<br><br>ISBN: 978-3-7873-3963-1<\/p>\n","protected":false},"excerpt":{"rendered":"<p>Ralf Becker &#8211; 2021Quantifizierung macht Unterschiede zum Zweck des Messens z\u00e4hlbar, Digitalisierung macht Differenzen f\u00fcr Musterkennungen berechenbar. Da beide Methoden so erfolgreich sind, ger\u00e4t zunehmend in den Hintergrund, was sich der Messung und Berechnung widersetzt: qualitative Unterschiede. Um diese geht es aber in der Philosophie. Ralf Becker stellt genau solche Qualit\u00e4tsunterschiede in den Mittelpunkt seiner [&hellip;]<\/p>\n","protected":false},"author":1,"featured_media":0,"parent":0,"menu_order":0,"comment_status":"closed","ping_status":"closed","template":"","meta":{"footnotes":""},"class_list":["post-429","page","type-page","status-publish","hentry"],"_links":{"self":[{"href":"https:\/\/philosophie-und-ki.cs.rptu.de\/index.php\/wp-json\/wp\/v2\/pages\/429","targetHints":{"allow":["GET"]}}],"collection":[{"href":"https:\/\/philosophie-und-ki.cs.rptu.de\/index.php\/wp-json\/wp\/v2\/pages"}],"about":[{"href":"https:\/\/philosophie-und-ki.cs.rptu.de\/index.php\/wp-json\/wp\/v2\/types\/page"}],"author":[{"embeddable":true,"href":"https:\/\/philosophie-und-ki.cs.rptu.de\/index.php\/wp-json\/wp\/v2\/users\/1"}],"replies":[{"embeddable":true,"href":"https:\/\/philosophie-und-ki.cs.rptu.de\/index.php\/wp-json\/wp\/v2\/comments?post=429"}],"version-history":[{"count":3,"href":"https:\/\/philosophie-und-ki.cs.rptu.de\/index.php\/wp-json\/wp\/v2\/pages\/429\/revisions"}],"predecessor-version":[{"id":433,"href":"https:\/\/philosophie-und-ki.cs.rptu.de\/index.php\/wp-json\/wp\/v2\/pages\/429\/revisions\/433"}],"wp:attachment":[{"href":"https:\/\/philosophie-und-ki.cs.rptu.de\/index.php\/wp-json\/wp\/v2\/media?parent=429"}],"curies":[{"name":"wp","href":"https:\/\/api.w.org\/{rel}","templated":true}]}}