{"id":482,"date":"2025-03-31T13:40:44","date_gmt":"2025-03-31T13:40:44","guid":{"rendered":"https:\/\/philosophy-and-ai.cs.rptu.de\/?page_id=482"},"modified":"2025-03-31T13:40:50","modified_gmt":"2025-03-31T13:40:50","slug":"top-down-induction-of-decision-trees-classifiers-a-survey","status":"publish","type":"page","link":"https:\/\/philosophie-und-ki.cs.rptu.de\/index.php\/top-down-induction-of-decision-trees-classifiers-a-survey\/","title":{"rendered":"&#8222;Top-Down Induction of Decision Trees Classifiers\u2014A Survey&#8220;"},"content":{"rendered":"\n<p><strong>Lior Rokach und Oded Maimon &#8211; 2005<\/strong><br>Entscheidungsb\u00e4ume gelten als eine der beliebtesten Methoden zur Darstellung von Klassifikatoren. Forscher aus verschiedenen Disziplinen wie Statistik, maschinelles Lernen, Mustererkennung und Data Mining haben sich mit der Frage befasst, wie ein Entscheidungsbaum aus verf\u00fcgbaren Daten aufgebaut werden kann. Dieser Artikel bietet eine aktuelle \u00dcbersicht \u00fcber moderne Methoden zur Konstruktion von Entscheidungsbaum-Klassifikatoren in einer Top-Down-Vorgehensweise. Er schl\u00e4gt einen einheitlichen algorithmischen Rahmen f\u00fcr die Darstellung dieser Algorithmen vor und beschreibt verschiedene Aufteilungskriterien sowie Methoden zur Beschneidung (Pruning).<br>(Eigene \u00dcbersetzung des Abstracts von <a href=\"https:\/\/ieeexplore.ieee.org\/document\/1522531\">IEEE<\/a>)<br><br>DOI: https:\/\/doi.org\/10.1109\/TSMCC.2004.843247<\/p>\n","protected":false},"excerpt":{"rendered":"<p>Lior Rokach und Oded Maimon &#8211; 2005Entscheidungsb\u00e4ume gelten als eine der beliebtesten Methoden zur Darstellung von Klassifikatoren. Forscher aus verschiedenen Disziplinen wie Statistik, maschinelles Lernen, Mustererkennung und Data Mining haben sich mit der Frage befasst, wie ein Entscheidungsbaum aus verf\u00fcgbaren Daten aufgebaut werden kann. Dieser Artikel bietet eine aktuelle \u00dcbersicht \u00fcber moderne Methoden zur Konstruktion [&hellip;]<\/p>\n","protected":false},"author":1,"featured_media":0,"parent":0,"menu_order":0,"comment_status":"closed","ping_status":"closed","template":"","meta":{"footnotes":""},"class_list":["post-482","page","type-page","status-publish","hentry"],"_links":{"self":[{"href":"https:\/\/philosophie-und-ki.cs.rptu.de\/index.php\/wp-json\/wp\/v2\/pages\/482","targetHints":{"allow":["GET"]}}],"collection":[{"href":"https:\/\/philosophie-und-ki.cs.rptu.de\/index.php\/wp-json\/wp\/v2\/pages"}],"about":[{"href":"https:\/\/philosophie-und-ki.cs.rptu.de\/index.php\/wp-json\/wp\/v2\/types\/page"}],"author":[{"embeddable":true,"href":"https:\/\/philosophie-und-ki.cs.rptu.de\/index.php\/wp-json\/wp\/v2\/users\/1"}],"replies":[{"embeddable":true,"href":"https:\/\/philosophie-und-ki.cs.rptu.de\/index.php\/wp-json\/wp\/v2\/comments?post=482"}],"version-history":[{"count":2,"href":"https:\/\/philosophie-und-ki.cs.rptu.de\/index.php\/wp-json\/wp\/v2\/pages\/482\/revisions"}],"predecessor-version":[{"id":484,"href":"https:\/\/philosophie-und-ki.cs.rptu.de\/index.php\/wp-json\/wp\/v2\/pages\/482\/revisions\/484"}],"wp:attachment":[{"href":"https:\/\/philosophie-und-ki.cs.rptu.de\/index.php\/wp-json\/wp\/v2\/media?parent=482"}],"curies":[{"name":"wp","href":"https:\/\/api.w.org\/{rel}","templated":true}]}}