{"id":55,"date":"2025-03-24T11:57:36","date_gmt":"2025-03-24T11:57:36","guid":{"rendered":"https:\/\/philosophy-and-ai.cs.rptu.de\/?page_id=55"},"modified":"2025-07-03T09:30:35","modified_gmt":"2025-07-03T09:30:35","slug":"seminar0","status":"publish","type":"page","link":"https:\/\/philosophie-und-ki.cs.rptu.de\/index.php\/seminar0\/","title":{"rendered":"WiSe 2021\/22, Forschungskolloquium\n&#8222;Philosophie und KI&#8220;:\nKausalit\u00e4t"},"content":{"rendered":"\n<p><strong>Seminarleitung: <\/strong>Prof. Dr. Ralf Becker, Dr. Johannes Lenhard,<br>Prof. Dr. Bernhard Irrgang, Prof. Dr. Jan Schneider, Prof. Dr. Katharina Zweig<\/p>\n\n\n\n<p><strong>Inhalt: <\/strong>Das w\u00f6chentlich stattfinde Seminar behandelt die Frage, wann man von einer Erkl\u00e4rung \u00fcber die Entscheidung eines ADM-Systems sprechen kann. Der Seminarverlauf folgte einem roten Faden aus konkreten F\u00e4llen, philosophischen Theorien (z. B. Schopenhauer) und technischen L\u00f6sungsans\u00e4tzen (z. B. Judea Pearls graphische Modelle), um die Differenz zwischen informatischer und philosophischer Erkl\u00e4rbarkeit zu untersuchen.<\/p>\n\n\n\n<div class=\"wp-block-group has-global-padding is-layout-constrained wp-block-group-is-layout-constrained\">\n<div class=\"wp-block-group has-global-padding is-layout-constrained wp-block-group-is-layout-constrained\">\n<div class=\"wp-block-group is-vertical is-layout-flex wp-container-core-group-is-layout-1 wp-block-group-is-layout-flex\">\n<p><strong>Terminplan mit Literatur:<\/strong><\/p>\n\n\n\n<figure class=\"wp-block-table is-style-stripes\"><table class=\"has-fixed-layout\"><tbody><tr><td>29.10.2021<\/td><td>Konkrete F\u00e4lle<\/td><\/tr><tr><td>05.11.2021<\/td><td><a href=\"https:\/\/philosophy-and-ai.cs.rptu.de\/index.php\/schopenhauer-die-vierfache-wurzel-des-satzes-vom-zureichenden-grunde\/\" data-type=\"page\" data-id=\"110\">Die vierfache Wurzel des Satzes vom zureichenden Grunde<\/a> I (Schoppenhauer)<\/td><\/tr><tr><td>12.11.2021<\/td><td><a href=\"https:\/\/philosophy-and-ai.cs.rptu.de\/index.php\/schopenhauer-die-vierfache-wurzel-des-satzes-vom-zureichenden-grunde\/\" data-type=\"page\" data-id=\"110\">Die vierfache Wurzel des Satzes vom zureichenden Grunde<\/a> II (Schoppenhauer)<\/td><\/tr><tr><td>19.11.2021<\/td><td><a href=\"https:\/\/philosophy-and-ai.cs.rptu.de\/index.php\/schopenhauer-die-vierfache-wurzel-des-satzes-vom-zureichenden-grunde\/\" data-type=\"page\" data-id=\"110\">Die vierfache Wurzel des Satzes vom zureichenden Grunde<\/a> III (Schoppenhauer)<\/td><\/tr><tr><td>26.11.2021<\/td><td><a href=\"https:\/\/philosophy-and-ai.cs.rptu.de\/index.php\/kausalgesetze-und-kausale-erklarungen\/\" data-type=\"page\" data-id=\"460\">Kausalgesetze und kausale Erkl\u00e4rungen<\/a> (Stegm\u00fcller)<\/td><\/tr><tr><td>03.12.2021<\/td><td><a href=\"https:\/\/philosophy-and-ai.cs.rptu.de\/index.php\/untersuchungen-zu-einer-hermeneutischen-logik\/\" data-type=\"page\" data-id=\"451\">Untersuchungen zu einer hermeneutischen Logik<\/a> (Lipps)<\/td><\/tr><tr><td>10.12.2021<\/td><td><a href=\"https:\/\/philosophy-and-ai.cs.rptu.de\/index.php\/the-book-of-why\/\" data-type=\"page\" data-id=\"105\">Book of Why<\/a>: Einf\u00fchrung (Pearl, Mackenzie)<\/td><\/tr><tr><td>07.01.2022<\/td><td><a href=\"https:\/\/philosophy-and-ai.cs.rptu.de\/index.php\/no-causes-in-no-causes-out\/\" data-type=\"page\" data-id=\"116\">&#8218;No Causes in, No Causes out&#8216;<\/a> (Nancy)<\/td><\/tr><tr><td>14.01.2022<\/td><td><a href=\"https:\/\/philosophy-and-ai.cs.rptu.de\/index.php\/the-book-of-why\/\" data-type=\"page\" data-id=\"105\">Book of Why<\/a>: Kap. 1, Kap. 10 (Pearl, Mackenzie)<br>Frage: In welchem Verh\u00e4ltnis steht das Programm zur neueren KI?<\/td><\/tr><tr><td>21.01.2022<\/td><td>Besprechen der Zusammen-fassungen der Texte von Schopenhauer &#8211; Pearl und Mackenzie; Austausch von Thesen<\/td><\/tr><tr><td>28.01.2022<\/td><td><a href=\"https:\/\/philosophy-and-ai.cs.rptu.de\/index.php\/making-a-mind-versus-modeling-the-brain-artificial-intelligence-back-at-a-branchpoint\/\" data-type=\"page\" data-id=\"456\">Making a Mind Versus Modelling the Brain: Artificial Intelligence Back at the Branchpoint<\/a> (Dreyfus, Dreyfus)<\/td><\/tr><tr><td>04.02.2022<\/td><td>Explainable AI<\/td><\/tr><tr><td>11.02.2022<\/td><td>Zusammenfassung<\/td><\/tr><\/tbody><\/table><\/figure>\n<\/div>\n<\/div>\n<\/div>\n","protected":false},"excerpt":{"rendered":"<p>Seminarleitung: Prof. Dr. Ralf Becker, Dr. Johannes Lenhard,Prof. Dr. Bernhard Irrgang, Prof. Dr. Jan Schneider, Prof. Dr. Katharina Zweig Inhalt: Das w\u00f6chentlich stattfinde Seminar behandelt die Frage, wann man von einer Erkl\u00e4rung \u00fcber die Entscheidung eines ADM-Systems sprechen kann. Der Seminarverlauf folgte einem roten Faden aus konkreten F\u00e4llen, philosophischen Theorien (z. B. Schopenhauer) und technischen [&hellip;]<\/p>\n","protected":false},"author":1,"featured_media":0,"parent":0,"menu_order":0,"comment_status":"closed","ping_status":"closed","template":"","meta":{"footnotes":""},"class_list":["post-55","page","type-page","status-publish","hentry"],"_links":{"self":[{"href":"https:\/\/philosophie-und-ki.cs.rptu.de\/index.php\/wp-json\/wp\/v2\/pages\/55","targetHints":{"allow":["GET"]}}],"collection":[{"href":"https:\/\/philosophie-und-ki.cs.rptu.de\/index.php\/wp-json\/wp\/v2\/pages"}],"about":[{"href":"https:\/\/philosophie-und-ki.cs.rptu.de\/index.php\/wp-json\/wp\/v2\/types\/page"}],"author":[{"embeddable":true,"href":"https:\/\/philosophie-und-ki.cs.rptu.de\/index.php\/wp-json\/wp\/v2\/users\/1"}],"replies":[{"embeddable":true,"href":"https:\/\/philosophie-und-ki.cs.rptu.de\/index.php\/wp-json\/wp\/v2\/comments?post=55"}],"version-history":[{"count":36,"href":"https:\/\/philosophie-und-ki.cs.rptu.de\/index.php\/wp-json\/wp\/v2\/pages\/55\/revisions"}],"predecessor-version":[{"id":616,"href":"https:\/\/philosophie-und-ki.cs.rptu.de\/index.php\/wp-json\/wp\/v2\/pages\/55\/revisions\/616"}],"wp:attachment":[{"href":"https:\/\/philosophie-und-ki.cs.rptu.de\/index.php\/wp-json\/wp\/v2\/media?parent=55"}],"curies":[{"name":"wp","href":"https:\/\/api.w.org\/{rel}","templated":true}]}}