{"id":93,"date":"2025-03-25T10:33:21","date_gmt":"2025-03-25T10:33:21","guid":{"rendered":"https:\/\/philosophy-and-ai.cs.rptu.de\/?page_id=93"},"modified":"2025-07-03T09:24:08","modified_gmt":"2025-07-03T09:24:08","slug":"sose22-phd-kolloquium-erklarungen-und-erklarbarkeit-in-philosophie-und-ki","status":"publish","type":"page","link":"https:\/\/philosophie-und-ki.cs.rptu.de\/index.php\/sose22-phd-kolloquium-erklarungen-und-erklarbarkeit-in-philosophie-und-ki\/","title":{"rendered":"SoSe 2022, Forschungskolloquium &#8222;Philosophie und KI&#8220;:\nSemantische Probleme der Softwareentwicklung"},"content":{"rendered":"\n<p><strong>Seminarleitung:<\/strong> Prof. Dr. Ralf Becker, Dr. Johannes Lenhard,<br>Prof. Dr. Jan Schneider, Prof. Dr. Katharina Zweig<\/p>\n\n\n\n<p><strong>Inhalt:<\/strong> Semantische Probleme der Softwareentwicklung<\/p>\n\n\n\n<p><strong>Terminplan mit Literatur:<\/strong><\/p>\n\n\n\n<figure class=\"wp-block-table is-style-stripes\"><table class=\"has-fixed-layout\"><tbody><tr><td>29.04.2022<\/td><td>Einf\u00fchrung in die logistische Regression<\/td><\/tr><tr><td>06.04.2022<\/td><td>AMS-Algorithmus und Sozialvertr\u00e4glichkeitsregeln (<a href=\"https:\/\/philosophy-and-ai.cs.rptu.de\/index.php\/ams-algorithmus-und-sozialvertraglichkeitsregeln\/\" data-type=\"page\" data-id=\"469\">mehr<\/a>)<\/td><\/tr><tr><td>13.05.2022<\/td><td>Wie baut man einen Entscheid-ungsbaum? Und merkw\u00fcrdige Entscheidungsb\u00e4ume (<a href=\"https:\/\/philosophy-and-ai.cs.rptu.de\/index.php\/top-down-induction-of-decision-trees-classifiers-a-survey\/\" data-type=\"page\" data-id=\"482\">mehr<\/a>)<\/td><\/tr><tr><td>27.05.2022<\/td><td>(Br\u00fcckentag)<\/td><\/tr><tr><td>03.06.2022<\/td><td>(Pfingstferien)<\/td><\/tr><tr><td>10.06.2022<\/td><td><a href=\"https:\/\/philosophy-and-ai.cs.rptu.de\/index.php\/understanding-adversarial-examples-requires-a-theory-of-artefacts-for-deep-learning\/\" data-type=\"page\" data-id=\"477\">Understanding adversarial examples requires a theory of artefacts for deep learning<\/a> (Buckner)<\/td><\/tr><tr><td>17.06.2022<\/td><td><a href=\"https:\/\/philosophy-and-ai.cs.rptu.de\/index.php\/underspecification-presents-challenges-for-credibility-in-modern-machine-learning\/\" data-type=\"page\" data-id=\"248\">Google Artikel<\/a> (D&#8217;Amour, Heller, Moldovan, et al.)<\/td><\/tr><tr><td>24.06.2022<\/td><td><a href=\"https:\/\/philosophy-and-ai.cs.rptu.de\/index.php\/vom-wesen-physikalischer-gesetze\/\" data-type=\"page\" data-id=\"474\">Feynman<\/a>-Kapitel<\/td><\/tr><tr><td>01.07.2022<\/td><td><a href=\"https:\/\/philosophy-and-ai.cs.rptu.de\/index.php\/social-processes-and-proofs-of-theorems-and-programs\/\" data-type=\"page\" data-id=\"381\">Social Processes and proofs of theorems and programs<\/a> (Lipton, Perlis)<\/td><\/tr><\/tbody><\/table><\/figure>\n","protected":false},"excerpt":{"rendered":"<p>Seminarleitung: Prof. Dr. Ralf Becker, Dr. Johannes Lenhard,Prof. Dr. Jan Schneider, Prof. Dr. Katharina Zweig Inhalt: Semantische Probleme der Softwareentwicklung Terminplan mit Literatur: 29.04.2022 Einf\u00fchrung in die logistische Regression 06.04.2022 AMS-Algorithmus und Sozialvertr\u00e4glichkeitsregeln (mehr) 13.05.2022 Wie baut man einen Entscheid-ungsbaum? Und merkw\u00fcrdige Entscheidungsb\u00e4ume (mehr) 27.05.2022 (Br\u00fcckentag) 03.06.2022 (Pfingstferien) 10.06.2022 Understanding adversarial examples requires a theory [&hellip;]<\/p>\n","protected":false},"author":1,"featured_media":0,"parent":0,"menu_order":0,"comment_status":"closed","ping_status":"closed","template":"","meta":{"footnotes":""},"class_list":["post-93","page","type-page","status-publish","hentry"],"_links":{"self":[{"href":"https:\/\/philosophie-und-ki.cs.rptu.de\/index.php\/wp-json\/wp\/v2\/pages\/93","targetHints":{"allow":["GET"]}}],"collection":[{"href":"https:\/\/philosophie-und-ki.cs.rptu.de\/index.php\/wp-json\/wp\/v2\/pages"}],"about":[{"href":"https:\/\/philosophie-und-ki.cs.rptu.de\/index.php\/wp-json\/wp\/v2\/types\/page"}],"author":[{"embeddable":true,"href":"https:\/\/philosophie-und-ki.cs.rptu.de\/index.php\/wp-json\/wp\/v2\/users\/1"}],"replies":[{"embeddable":true,"href":"https:\/\/philosophie-und-ki.cs.rptu.de\/index.php\/wp-json\/wp\/v2\/comments?post=93"}],"version-history":[{"count":17,"href":"https:\/\/philosophie-und-ki.cs.rptu.de\/index.php\/wp-json\/wp\/v2\/pages\/93\/revisions"}],"predecessor-version":[{"id":614,"href":"https:\/\/philosophie-und-ki.cs.rptu.de\/index.php\/wp-json\/wp\/v2\/pages\/93\/revisions\/614"}],"wp:attachment":[{"href":"https:\/\/philosophie-und-ki.cs.rptu.de\/index.php\/wp-json\/wp\/v2\/media?parent=93"}],"curies":[{"name":"wp","href":"https:\/\/api.w.org\/{rel}","templated":true}]}}